(6).
32
Let h(q) = 2*q**3 - 22*q**2 - 5*q + 5. What is h(11)?
-50
Let h(c) = 2*c**3 + 11*c**2 - 4*c + 12. What is h(-5)?
57
Let m(b) = -b**3 + 25*b**2 - 26*b + 29. What is m(24)?
-19
Let t(z) = -3*z + 119. Determine t(22).
53
Let i(r) = 2*r**3 - 2*r**2 + r. Give i(-2).
-26
Let l(u) = -3*u**2 + 6*u + 25. Give l(5).
-20
Let x(b) = -3*b + 36. Determine x(14).
-6
Let q(v) = 11*v + 56. Calculate q(-6).
-10
Let n(c) = -55*c**3 - 2*c**2 + 2*c - 1. Calculate n(1).
-56
Let z(j) = 70*j - 202. Calculate z(3).
8
Let z(g) = 28*g - 1. Determine z(-1).
-29
Let h(u) = -u**3 - 8*u**2 - 3*u - 30. Calculate h(-8).
-6
Let i(l) = l + 6. Give i(0).
6
Let k(x) = -2*x + 6. Give k(0).
6
Let s(f) = f**2 - 7*f + 1. Give s(7).
1
Let q(o) = -o - 3. Determine q(-7).
4
Let j(n) = 9*n - 79. Determine j(8).
-7
Let v(r) = r - 24. Calculate v(16).
-8
Let s(c) = c**3 - 8*c**2 - 11*c. Give s(9).
-18
Let k(u) = -2*u**2 + 7*u - 5. What is k(4)?
-9
Let n(g) = -3*g + 1. Determine n(3).
-8
Let c(n) = 2*n**2 + 6*n - 3. What is c(-5)?
17
Let j(k) = -k**3 - k**2 + 2*k - 10. Determine j(0).
-10
Let c(f) = 5*f**2 + 28*f + 3. What is c(-5)?
-12
Let x(o) = -o**2 + 8. Give x(-3).
-1
Let a(f) = -f**3 - 5*f**2 + f + 3. What is a(2)?
-23
Let j(u) = 43*u + 30. Give j(-2).
-56
Let g(m) = -m**3 - 9*m**2 - 14*m + 8. Determine g(-4).
-16
Let z(u) = 14*u - 28. Give z(2).
0
Let v(g) = -5*g**2 + 281*g - 58. Calculate v(56).
-2
Let z(h) = -h**3 - 2*h**2 + 4*h - 2. Give z(2).
-10
Let x(p) = p**2 - 8*p - 4. What is x(9)?
5
Let f(x) = x**2 - 11*x - 12. Determine f(13).
14
Let j(d) = 3*d**2 - 2*d + 50. What is j(0)?
50
Let c(n) = 12*n**3 - 2*n - 1. What is c(-1)?
-11
Let v(t) = -t**3 + 10*t**2 + 10*t + 13. Calculate v(11).
2
Let v(k) = -7*k - 22. Determine v(-5).
13
Let j(u) = -3*u - 19. Determine j(-10).
11
Let z(j) = -2*j**2 + 49*j - 112. Give z(22).
-2
Let n(j) = 2*j - 1. Give n(-14).
-29
Let k(l) = l**3 - 41*l**2 - 88*l + 81. Determine k(43).
-5
Let n(w) = -5*w - 15. Determine n(15).
-90
Let z(v) = v**3 - 14*v**2 - 15*v - 10. Give z(15).
-10
Let p(l) = 74*l + 298. What is p(-4)?
2
Let s(t) = -7*t - 3. Determine s(-5).
32
Let h(x) = -28*x + 1. What is h(-1)?
29
Let r(o) = o**2 - 10*o + 9. Calculate r(8).
-7
Let m(k) = -k + 24. What is m(0)?
24
Let b(h) = h**3 + 6*h**2 - 14*h + 11. Give b(-8).
-5
Let j(h) = h**2 - h. Determine j(0).
0
Let f(m) = -m**3 - 21*m**2 - 82*m - 21. What is f(-16)?
11
Let k(l) = 25*l + 2. What is k(2)?
52
Let q(y) = y**3 - 6*y**2 - 10*y - 1. Calculate q(7).
-22
Let i(l) = 6*l**2 - 52*l - 21. Calculate i(9).
-3
Let q(a) = -a + 12. What is q(12)?
0
Let r(b) = -4*b + 26. What is r(7)?
-2
Let t(p) = p**3 + 2*p**2 - p - 7. What is t(-4)?
-35
Let t(l) = -8*l + 27. Determine t(6).
-21
Let o(j) = -9*j - 39. Determine o(-4).
-3
Let n(v) = -5*v - 30. Determine n(-6).
0
Let p(d) = d**2 + 4*d - 2. Determine p(-6).
10
Let u(c) = -2*c**3 - 5*c**2 + 5. What is u(-4)?
53
Let g(v) = 12*v**3 + 4*v**2 + 5*v + 5. What is g(-2)?
-85
Let v(a) = -a**2 - 14*a - 6. What is v(-10)?
34
Let d(a) = -2*a**3 + 12*a**2 + 6*a - 9. Give d(5).
71
Let c(z) = 11*z + 24. Give c(-8).
-64
Let b(v) = 7*v**3 - 2*v + 1. Give b(1).
6
Let b(c) = -c**3 - c**2 - c + 58. Determine b(0).
58
Let w(d) = 24*d + 1. Calculate w(0).
1
Let x(g) = -3*g**2 - g + 1. What is x(-2)?
-9
Let y(n) = 2*n**3 - 15*n**2 - 40*n - 5. Give y(-2).
-1
Let m(n) = 2*n**2 - n + 1. Give m(1).
2
Let z(p) = 15*p - 1. Calculate z(2).
29
Let o(k) = k**3 - k**2 - 3*k - 4. What is o(-2)?
-10
Let w(n) = 3*n - 19. Determine w(2).
-13
Let v(n) = 3*n + 31. Determine v(-8).
7
Let h(q) = q**3 + 7*q**2 - 8*q + 4. Determine h(-8).
4
Let u(r) = -4*r**2 + 7*r + 6. Determine u(-3).
-51
Let a(t) = 19*t - 710. What is a(37)?
-7
Let n(g) = g**2 + 6*g - 1. What is n(-5)?
-6
Let i(o) = o**3 + 12*o**2 + 7*o - 25. What is i(-11)?
19
Let w(u) = u + 3. Determine w(5).
8
Let h(q) = 6*q**2 - 4*q + 6. Determine h(4).
86
Let t(m) = m**2 - 46*m + 545. What is t(20)?
25
Let y(z) = -z**2 - 3*z - 20. Give y(5).
-60
Let j(f) = 2*f**3 - 21*f**2 - 9*f - 3. Calculate j(11).
19
Let m(t) = -5*t - 18. What is m(-8)?
22
Let g(z) = -z**3 + 4*z**2 - 8. Give g(3).
1
Let f(s) = s**2 - 53*s - 165. What is f(-3)?
3
Let y(c) = -25*c**2 - 2*c + 2. Determine y(1).
-25
Let q(u) = -u**3 - 4*u**2 + 22*u - 5. Give q(-7).
-12
Let u(v) = 49*v - 36. Give u(3).
111
Let u(r) = -12*r**3 - r**2 + 1. Calculate u(-1).
12
Let g(l) = 84*l + 5. Calculate g(2).
173
Let t(b) = b**3 - 9*b**2 + 17*b - 28. Give t(10).
242
Let a(t) = 36*t**2 + 2*t + 2. What is a(-1)?
36
Let x(i) = 2*i**2 + 9*i - 2. What is x(-5)?
3
Let o(d) = -2*d + 9. Determine o(-4).
17
Let s(r) = -r**3 - 3*r**2 + 4*r - 4. Calculate s(-5).
26
Let s(q) = q**2 - 19*q + 7. Give s(18).
-11
Let h(r) = r**2 - 19*r. Determine h(19).
0
Let m(x) = 8*x + 3. Give m(2).
19
Let f(m) = m**2 - 4*m - 7. Determine f(9).
38
Let i(r) = -r + 19. Give i(33).
-14
Let t(r) = -5*r - 143. Determine t(-28).
-3
Let v(r) = 6*r**2 - 12*r - 12. Calculate v(-1).
6
Let i(y) = -15*y + 679. Give i(45).
4
Let c(a) = -89*a - 604. What is c(-7)?
19
Let h(i) = -i**2 + i + 2. Give h(-2).
-4
Let p(f) = -f**2 + 21*f - 7. Give p(20).
13
Let l(h) = h**3 - 7*h**2 + 8*h - 7. Determine l(6).
5
Let l(b) = -b**3 + 3*b**2 + 2*b - 9. Calculate l(3).
-3
Let s(v) = v**2 + 3*v - 4. Determine s(2).
6
Let f(x) = -x**2 + x - 8. Give f(0).
-8
Let r(g) = 4*g - 14. Calculate r(5).
6
Let t(h) = -h**2 + 9*h + 17. Calculate t(10).
7
Let o(j) = -j**3 - 27*j**2 - 24*j + 66. What is o(-26)?
14
Let k(z) = -z**3 + 4*z**2 + 8*z - 11. Give k(5).
4
Let o(a) = -a - 4. Calculate o(-4).
0
Let y(w) = -w**3 + 6*w**2 + 4*w - 31. Calculate y(6).
-7
Let h(t) = t**2 + 3*t - 18. Calculate h(3).
0
Let u(x) = -16*x + 3. Calculate u(2).
-29
Let r(v) = -5*v - 10. What is r(-8)?
30
Let l(v) = v - 20. What is l(16)?
-4
Let s(g) = -2*g**2 + 4*g + 16. Determine s(4).
0
Let z(p) = 2*p + 17. Calculate z(0).
17
Let i(x) = x + 2. Calculate i(5).
7
Let s(p) = -3*p**2 + 47*p - 43. Determine s(14).
27
Let h(s) = s**2 - 45. Calculate h(-6).
-9
Let f(s) = -5*s - 2. Give f(-1).
3
Let n(r) = r - 12. Determine n(-23).
-35
Let i(n) = n**3 + 10*n**2 - 9*n + 20. Calculate i(-11).
-2
Let j(z) = -13*z**2 + 9*z - 8. Calculate j(4).
-180
Let t(u) = u**2 + 13*u - 10. What is t(3)?
38
Let y(j) = j + 47. Determine y(0).
47
Let d(r) = r**3 - 2*r**2 - r + 8. Determine d(0).
8
Let n(r) = r**3 - 6*r**2 - 6*r. Determine n(6).
-36
Let w(f) = f**2 + 6*f - 46. Calculate w(-10).
-6
Let l(f) = f**3 + 2*f**2 + f - 17. What is l(0)?
-17
Let d(a) = 2*a**3 - 16*a**2 - 20*a + 11. Determine d(9).
-7
Let n(u) = -u**3 - 4*u**2 + 3*u - 7. Determine n(-5).
3
Let i(k) = -k**2 + 13*k - 9. Calculate i(12).
3
Let h(k) = -k**2 + 9*k + 27. Give h(11).
5
Let t(y) = -y**2 + 4*y + 31. Determine t(-4).
-1
Let y(p) = 2*p + 2. Give y(-4).
-6
Let a(j) = -j**3 + 23*j**2 - 110*j - 3. What is a(16)?
29
Let t(r) = -2*r - 43. What is t(-21)?
-1
Let r(m) = -2*m + 26. Determine r(12).
2
Let x(i) = -i**3 - 6*i**2 + 8*i - 9. Calculate x(-7).
-16
Let p(x) = 2*x - 19. Determine p(11).
3
Let a(j) = 2*j**2 - 6*j - 13. Calculate a(-3).
23
Let y(n) = n**3 - 3*n**2 + n + 6. Calculate y(2).
4
Let v(s) = 16*s - 160. What is v(10)?
0
Let r(i) = i + 32. What is r(-15)?
17
Let p(d) = -d**3 - 8*d**2 - 13*d - 14. Calculate p(-8).
90
Let y(x) = -x + 13. What is y(6)?
7
Let i(j) = 4*j - 63. Give i(15).
-3
Let y(k) = 5*k + 6. Give y(-6).
-24
Let i(k) = -k**3 + 7*k**2 + 8*k - 6. What is i(8)?
-6
Let o(y) = -3*y**2 - 73*y - 32. Determine o(-24).
-8
Let f(o) = o**3 - 6*o**2 - 13*o + 43. Calculate f(7).
1
Let u(x) = 2*x**3 + 24*x**2 - 28*x - 30. Calculate u(-13).
-4
Let m(x) = x**3 - 7*x**2 - x - 4. Give m(7).
-11
Let l(n) = n - 15. What is l(15)?
0
Let q(k) = -21*k**2 - 1. What is q(1)?
-22
Let f(r) = -3*r + 2. Give f(-1).
5
Let w(r) = 4*r**3 + 2*r**2 + 4*r + 5. Calculate w(-2).
-27
Let t(r) = 2*r**2 + 10*r - 44. What is t(-10)?
56
Let k(b) = b**3 + 12*b**2 - 12*b + 4. Calculate k(-13).
-9
Let f(d) = 3*d + 32. What is f(12)?
68
Let v(w) = 3*w + 3. Determine v(-3).
-6
Let q(z) = -3*z - 38. Determine q(-11).
-5
Let o(r) = -r + 20. What is o(12)?
8
Let q(f) = -f**2 + 8*f - 3. What is q(8)?
-3
Let b(l) = l**3 + 9*l**2 - 10*l + 11. Calculate b(-10).
11
Let u(c) = c**3 - c**2 - 6*c + 5. Calculate u(3).
5
Let i(g) = -60*g - 2. Giv